 the remainder when 750 is divided by 306?
138
Calculate the remainder when 13 is divided by 8.
5
What is the remainder when 146 is divided by 40?
26
What is the remainder when 584 is divided by 87?
62
Calculate the remainder when 560 is divided by 22.
10
What is the remainder when 236 is divided by 12?
8
Calculate the remainder when 78 is divided by 20.
18
Calculate the remainder when 480 is divided by 23.
20
Calculate the remainder when 18 is divided by 7.
4
Calculate the remainder when 197 is divided by 100.
97
What is the remainder when 8540 is divided by 428?
408
What is the remainder when 4042 is divided by 101?
2
Calculate the remainder when 700 is divided by 71.
61
Calculate the remainder when 41 is divided by 25.
16
Calculate the remainder when 109 is divided by 27.
1
What is the remainder when 1948 is divided by 15?
13
What is the remainder when 485 is divided by 81?
80
What is the remainder when 1064 is divided by 71?
70
Calculate the remainder when 4021 is divided by 25.
21
Calculate the remainder when 895 is divided by 75.
70
Calculate the remainder when 146 is divided by 62.
22
What is the remainder when 196 is divided by 23?
12
Calculate the remainder when 4787 is divided by 35.
27
What is the remainder when 512 is divided by 5?
2
Calculate the remainder when 28 is divided by 12.
4
What is the remainder when 383 is divided by 25?
8
What is the remainder when 348 is divided by 44?
40
Calculate the remainder when 64 is divided by 17.
13
Calculate the remainder when 509 is divided by 53.
32
What is the remainder when 57 is divided by 12?
9
Calculate the remainder when 394 is divided by 9.
7
What is the remainder when 569 is divided by 10?
9
What is the remainder when 320 is divided by 74?
24
Calculate the remainder when 162 is divided by 56.
50
What is the remainder when 651 is divided by 639?
12
Calculate the remainder when 6100 is divided by 45.
25
What is the remainder when 1975 is divided by 38?
37
What is the remainder when 2456 is divided by 13?
12
What is the remainder when 1775 is divided by 37?
36
Calculate the remainder when 838 is divided by 14.
12
What is the remainder when 100 is divided by 36?
28
Calculate the remainder when 1154 is divided by 368.
50
Calculate the remainder when 1134 is divided by 35.
14
Calculate the remainder when 137 is divided by 18.
11
What is the remainder when 1089 is divided by 394?
301
What is the remainder when 177 is divided by 92?
85
What is the remainder when 139 is divided by 10?
9
What is the remainder when 83 is divided by 36?
11
Calculate the remainder when 711 is divided by 119.
116
What is the remainder when 1065 is divided by 46?
7
What is the remainder when 114 is divided by 31?
21
Calculate the remainder when 734 is divided by 32.
30
What is the remainder when 762 is divided by 196?
174
What is the remainder when 334 is divided by 31?
24
What is the remainder when 304 is divided by 80?
64
What is the remainder when 1919 is divided by 75?
44
Calculate the remainder when 1028 is divided by 7.
6
Calculate the remainder when 117 is divided by 5.
2
Calculate the remainder when 447 is divided by 155.
137
What is the remainder when 4924 is divided by 17?
11
Calculate the remainder when 29 is divided by 15.
14
Calculate the remainder when 178 is divided by 63.
52
What is the remainder when 1274 is divided by 141?
5
Calculate the remainder when 57 is divided by 44.
13
Calculate the remainder when 13196 is divided by 150.
146
Calculate the remainder when 5376 is divided by 46.
40
Calculate the remainder when 164 is divided by 58.
48
Calculate the remainder when 48 is divided by 9.
3
Calculate the remainder when 2292 is divided by 207.
15
What is the remainder when 569 is divided by 15?
14
What is the remainder when 42 is divided by 40?
2
Calculate the remainder when 366 is divided by 20.
6
What is the remainder when 42 is divided by 13?
3
What is the remainder when 197 is divided by 30?
17
What is the remainder when 228 is divided by 155?
73
What is the remainder when 886 is divided by 37?
35
Calculate the remainder when 369 is divided by 30.
9
What is the remainder when 47 is divided by 3?
2
What is the remainder when 717 is divided by 14?
3
What is the remainder when 1295 is divided by 72?
71
Calculate the remainder when 43 is divided by 9.
7
Calculate the remainder when 728 is divided by 73.
71
What is the remainder when 85 is divided by 44?
41
What is the remainder when 635 is divided by 80?
75
What is the remainder when 1581 is divided by 199?
188
Calculate the remainder when 3129 is divided by 40.
9
What is the remainder when 63 is divided by 56?
7
Calculate the remainder when 1167 is divided by 329.
180
What is the remainder when 130 is divided by 27?
22
What is the remainder when 485 is divided by 87?
50
What is the remainder when 2604 is divided by 69?
51
Calculate the remainder when 8225 is divided by 21.
14
Calculate the remainder when 463 is divided by 448.
15
Calculate the remainder when 804 is divided by 62.
60
Calculate the remainder when 26 is divided by 5.
1
What is the remainder when 50 is divided by 19?
12
What is the remainder when 149 is divided by 21?
2
Calculate the remainder when 17284 is divided by 26.
20
What is the remainder when 3362 is divided by 10?
2
Calculate the remainder when 1193 is divided by 239.
237
Calculate the remainder when 964 is divided by 56.
12
What is the remainder when 590 is divided by 44?
18
What is the remainder when 39 is divided by 20?
19
What is the remainder when 448 is divided by 51?
40
What is the remainder when 1834 is divided by 204?
202
What is the remainder when 50 is divided by 15?
5
What is the remainder when 879 is divided by 213?
27
Calculate the remainder when 290 is divided by 14.
10
What is the remainder when 286 is divided by 96?
94
What is the remainder when 328 is divided by 45?
13
Calculate the remainder when 687 is divided by 30.
27
What is the remainder when 551 is divided by 24?
23
What is the remainder when 553 is divided by 121?
69
What is the remainder when 2092 is divided by 41?
1
Calculate the remainder when 3120 is divided by 1557.
6
What is the remainder when 186 is divided by 22?
10
What is the remainder when 182 is divided by 52?
26
Calculate the remainder when 75 is divided by 38.
37
Calculate the remainder when 28 is divided by 23.
5
What is the remainder when 3021 is divided by 56?
53
What is the remainder when 1527 is divided by 17?
14
Calculate the remainder when 23764 is divided by 35.
34
Calculate the remainder when 79 is divided by 66.
13
Calculate the remainder when 430 is divided by 411.
19
Calculate the remainder when 1949 is divided by 131.
115
Calculate the remainder when 484 is divided by 13.
3
Calculate the remainder when 344 is divided by 110.
14
Calculate the remainder when 770 is divided by 252.
14
Calculate the remainder when 4393 is divided by 71.
62
Calculate the remainder when 163 is divided by 83.
80
What is the remainder when 1357 is divided by 80?
77
Calculate the remainder when 549 is divided by 176.
21
Calculate the remainder when 81 is divided by 30.
21
Calculate the remainder when 9572 is divided by 25.
22
What is the remainder when 2223 is divided by 444?
3
What is the remainder when 14 is divided by 6?
2
Calculate the remainder when 445 is divided by 6.
1
Calculate the remainder when 385 is divided by 25.
10
What is the remainder when 86 is divided by 30?
26
Calculate the remainder when 8746 is divided by 5.
1
Calculate the remainder when 3065 is divided by 52.
49
Calculate the remainder when 802 is divided by 202.
196
Calculate the remainder when 1491 is divided by 20.
11
What is the remainder when 205 is divided by 26?
23
Calculate the remainder when 184 is divided by 85.
14
Calculate the remainder when 1550 is divided by 47.
46
Calculate the remainder when 50 is divided by 45.
5
Calculate the remainder when 97 is divided by 9.
7
What is the remainder when 64 is divided by 24?
16
What is the remainder when 108 is divided by 5?
3
What is the remainder when 411 is divided by 9?
6
What is the remainder when 685 is divided by 49?
48
What is the remainder when 1893 is divided by 145?
8
Calculate the remainder when 44 is divided by 26.
18
What is the remainder when 654 is di